 the highest common divisor of t and 1537.
53
Suppose -561 - 99 = -6*w. Let q = -74 + w. Calculate the highest common factor of q and 162.
18
Suppose 155 = -2*m - 65. Let v be 3 - -2 - (m + 0). Let i = v - 79. What is the greatest common factor of i and 48?
12
Let k be (-2)/((-4)/(-3))*258/9. Let i = k + 79. Suppose -s + 81 + 3 = 0. What is the greatest common factor of s and i?
12
Suppose 0*o - 54 = 3*h - o, 3*h + 54 = 3*o. Let x be -1*h/(2 + 0). Let n(m) = -2*m + 31. Let d be n(x). Calculate the highest common divisor of 182 and d.
13
Suppose 13512 = 5*v + q, -11211 - 2289 = -5*v - 5*q. What is the highest common factor of 255 and v?
51
Let j = 88 - 3. Suppose 535*g = 531*g + 60. Suppose -g = -f + j. What is the greatest common factor of 25 and f?
25
Suppose -2*s + 3*b = -355, 12*b + 705 = 4*s + 7*b. Suppose 21*z - 55*z = -s. Suppose 0 = -r + 6*r - 125. Calculate the highest common factor of r and z.
5
Suppose 0 = 3*a - 3*k + 30, -a + 5*k = 28 + 2. Let z(u) = -u + 9. Let o be z(a). What is the greatest common factor of 56 and o?
14
Suppose 31*a = 26*a + 70. Suppose -3536 = -a*t - 3*t. Calculate the greatest common factor of t and 52.
52
Suppose -12*z - 2587 + 14359 = -0*z. Calculate the greatest common factor of 9 and z.
9
Let r be ((-42)/77)/(-2 - 123/(-66)). What is the highest common divisor of r and 13?
1
Suppose -a = -2*p + 8, p - 14 + 0 = -2*a. Let o be ((2 - p) + 5)*5. Calculate the highest common factor of 45 and o.
5
Suppose 1400 = 60*f + 772 - 1292. Suppose t + 2*z - 1220 = -t, 2434 = 4*t + z. Calculate the highest common factor of t and f.
32
Let v(d) = -2*d**2 - 9*d + 6. Let s be v(-5). Let c be 4686/7 + s/(7/4). Calculate the highest common divisor of 10 and c.
10
Suppose -782 + 78 = -v. Suppose 4*u - 3*l - v = -l, -880 = -5*u - l. Suppose 6*a - 10*a = -u. Calculate the greatest common factor of 11 and a.
11
Suppose -3*d = -x + 6 - 0, 2*d + 11 = 3*x. Suppose 3*w + w + x*a = 138, 5*w - 171 = -3*a. Suppose -c = -93 - w. What is the greatest common factor of 84 and c?
42
Suppose 4*l - 6*l + 184 = 0. Calculate the greatest common divisor of l and 598.
46
Suppose -30 = -2*l + 4*l. Let b be 20/l*(-30)/4. Suppose 0 = -b*f + 2*f + 32. Calculate the highest common divisor of 28 and f.
4
Let m(q) = -q**2 - 10*q - 56. Let a be m(12). Let u = a + 331. What is the greatest common divisor of u and 33?
11
Let f be 28*16/28 - (2 - -5). What is the greatest common factor of f and 405?
9
Suppose 4*k + 5*v - 20 = k, -k + 4*v + 18 = 0. Suppose -77 = -3*l + k. Calculate the highest common divisor of 58 and l.
29
Let y(x) = x**2 + 44*x + 5. Let h(j) = -j**2 - 90*j - 9. Let o(n) = 4*h(n) + 9*y(n). Let k be o(-7). What is the highest common divisor of k and 7?
1
Suppose 102*p - 247*p = -115*p - 15510. What is the greatest common factor of p and 88?
11
Let v(n) = -2*n**3 - 195*n**2 - 87*n + 1014. Let b be v(-97). Suppose 11 = -2*o + 3*o. What is the highest common factor of o and b?
11
Suppose -12 = -2*l - 2. Suppose 0 = x - 20 - l. Let t = -264 + 489. What is the greatest common factor of x and t?
25
Let z(n) = 3*n**2 + 180*n + 352. Let q be z(-2). Let w be (-10)/25*(1 + -161). What is the highest common divisor of w and q?
4
Let o(v) = 2*v**2 - 5*v - 7. Let y be o(7). Suppose d = 4 - 44. Let l be d/((18/(-21))/3). Calculate the greatest common factor of l and y.
28
Let p(n) = -6*n**3 + 2*n**2 + 2*n. Let a be p(-1). Let s be 3624/60 - a/15. Calculate the greatest common factor of 90 and s.
30
Let v be 1742/(-201)*(-13 - -1). Calculate the highest common factor of 328 and v.
8
Suppose -1356 = 526*g - 639*g. Calculate the greatest common divisor of 3972 and g.
12
Let w be (-86326)/(-13 - (-20 + 9)). Calculate the greatest common divisor of w and 17.
17
Let y = 42059 - 42052. What is the highest common factor of y and 89?
1
Suppose -2*s - r = -616, 0*r + 5*r = -4*s + 1244. Let y be s/((0 - -2)/(-2 - -5)). What is the highest common divisor of y and 27?
27
Suppose -3*w - 2*h + 14 = 0, -3*w + 3*h = -2*w + 10. Suppose -f + 3*v = -7, f = -f - 2*v - w. Let r = 36 + -31. What is the highest common divisor of f and r?
1
Let p be (-124)/(-1 + (-1)/(-2)). Let f be 7 - 5 - 3 - 55. Let i be 130/4 + 84/f. What is the greatest common divisor of i and p?
31
Suppose 1 - 3 = -2*g. Let h be (g + -21)/(1*-1). Suppose -345*u = -389*u + 5024 + 4656. Calculate the highest common factor of h and u.
20
Let u be (24/(-72))/((-3)/27). Let b = u - -96. Calculate the highest common divisor of 55 and b.
11
Let d = 1009 - 1003. Let f be (-27)/d*(13 + -15). Calculate the highest common factor of 51 and f.
3
Suppose 2*i + 3*h - 972 = 0, 2*i - 1002 = -8*h + 10*h. Calculate the greatest common divisor of 36 and i.
9
Let f = 4984 - 4940. Calculate the highest common divisor of 2321 and f.
11
Let q be 1/(-7)*0 - -4. Suppose 12 = 23*k - 19*k, -q*b + k + 1137 = 0. What is the highest common factor of b and 45?
15
Let l(x) be the second derivative of -x**4/12 + 7*x**3/3 + 63*x**2/2 + 4*x - 7. Let y be l(17). Calculate the highest common divisor of y and 90.
6
Suppose -109*q + 1734 = -92*q. Calculate the highest common divisor of 323 and q.
17
Let s = 503 + -427. What is the highest common divisor of s and 18620?
76
Let m be (-52)/3*(-6)/(-4). Let c be 1*(-3 + (-4 - m)). Suppose 2*y - x - 11 = 31, 0 = -y + 5*x + 39. Calculate the highest common divisor of c and y.
19
Let c = 100 - 67. Suppose -9*l - c + 114 = 0. Suppose 0 = 3*i - 12, 0*a - 2*a + 3*i - 6 = 0. Calculate the highest common divisor of a and l.
3
Suppose -a + 5*a - 20 = 0. Suppose 0 = -a*s + 268 + 87. Calculate the greatest common divisor of 142 and s.
71
Let b be 1/((-2)/36*1). Let q be (-219)/b - 1/6. What is the highest common divisor of 60 and q?
12
Let h = -2440 + 5650. What is the greatest common factor of 10 and h?
10
Let m(c) = 64*c - 71. Let b be m(4). Suppose -b = -10*f + 895. What is the greatest common factor of 72 and f?
36
Let q = 22543 - 19007. What is the greatest common factor of q and 91?
13
Suppose z + 11*h = 8*h + 55, 5*z + 2*h - 314 = 0. Suppose -5*j - 3*c = -0*c - 51, c = 4*j - 34. Let y = j - -7. Calculate the highest common divisor of z and y.
16
Let z be 2 - (-2 + 52)/(-2). Let d(k) = 26*k + 109 - 43*k - 67 - 34*k. Let q be d(-5). Calculate the highest common factor of q and z.
27
Let f be (-3568)/24*3/8*-4. Let n = 270 - f. Calculate the highest common factor of n and 893.
47
Let s(y) = 25*y**2 - 547*y - 10. Let q be s(-5). What is the highest common divisor of 100 and q?
50
Suppose -194*a = -196*a + 8. Let r be (-3)/(a + 408/(-135) + -1). Calculate the highest common factor of r and 9.
9
Suppose 811 + 1159 = 6*u + 590. What is the greatest common factor of 6785 and u?
115
Let d = 6296 + -6156. Calculate the greatest common divisor of 1620 and d.
20
Let j be 60/(-15) - (498 - -1). Let g = j + 781. Suppose -14*t + 506 + g = 0. What is the greatest common divisor of t and 16?
8
Let i(z) be the second derivative of z**4/12 - 3*z**3 - 37*z**2/2 + 7*z - 1. Let g be i(22). Calculate the highest common divisor of 17 and g.
17
Suppose 0 = 4*u - 2*n - 2*n - 96, 2*u + 5*n = 20. Suppose 24*m - 26*m + u = 0. What is the highest common divisor of 390 and m?
10
Let l be (-2)/4 + (-18)/(-4). Suppose -262*o + 281 = -1815. Calculate the highest common factor of o and l.
4
Let j(u) = -u**3 - 13*u**2 - 27*u - 471. Let t be j(-15). Calculate the greatest common factor of 222 and t.
6
Suppose 32*x + 673 = -23 - 1000. Let r(h) = -3*h**3 + 2*h**2 - 5*h - 4. Let m be r(5). Let d = x - m. What is the highest common factor of d and 43?
43
Let w(h) = h**2 - 63*h - 5098. Let m be w(110). Calculate the greatest common factor of m and 1752.
24
Suppose 23 + 15 = 2*c. Let d = -413 - -701. Suppose -5*v - 300 = -3*g, -6*g + d = -3*g - v. What is the highest common factor of g and c?
19
Let b(j) = -9*j + 2. Let i be b(-7). Let o(t) = t**2 - 5*t - 72. Let m be o(-10). Suppose 0 = -17*u + 364 + m. What is the greatest common divisor of u and i?
13
Let z = 178 + -98. Let c = -14155 - -14195. Calculate the greatest common factor of z and c.
40
Let v = -264 - -280. Suppose 8*a + 0*a = v. Calculate the highest common factor of a and 2.
2
Let c = -6286 - -6299. Calculate the greatest common divisor of 11089 and c.
13
Let d be (-43)/(-9) - 3/(